igit of 1002?
0
What is the thousands digit of 11703?
1
What is the tens digit of 24466?
6
What is the thousands digit of 4081?
4
What is the tens digit of 829?
2
What is the hundreds digit of 491?
4
What is the thousands digit of 2176?
2
What is the units digit of 323?
3
What is the tens digit of 102655?
5
What is the hundreds digit of 3225?
2
What is the ten thousands digit of 26934?
2
What is the hundreds digit of 2485?
4
What is the units digit of 10810?
0
What is the ten thousands digit of 27420?
2
What is the thousands digit of 5388?
5
What is the units digit of 1663?
3
What is the hundreds digit of 5818?
8
What is the units digit of 281?
1
What is the tens digit of 5187?
8
What is the tens digit of 773?
7
What is the hundreds digit of 866?
8
What is the tens digit of 60122?
2
What is the tens digit of 8130?
3
What is the units digit of 674?
4
What is the units digit of 105839?
9
What is the hundreds digit of 160?
1
What is the units digit of 894?
4
What is the ten thousands digit of 57059?
5
What is the tens digit of 3433?
3
What is the thousands digit of 2234?
2
What is the units digit of 23859?
9
What is the tens digit of 117242?
4
What is the thousands digit of 2182?
2
What is the hundreds digit of 14926?
9
What is the hundreds digit of 2102?
1
What is the units digit of 1941?
1
What is the tens digit of 12924?
2
What is the tens digit of 114576?
7
What is the hundreds digit of 5822?
8
What is the hundreds digit of 52308?
3
What is the tens digit of 108?
0
What is the units digit of 738?
8
What is the hundreds digit of 801?
8
What is the hundreds digit of 5448?
4
What is the hundreds digit of 725?
7
What is the thousands digit of 3583?
3
What is the thousands digit of 6944?
6
What is the units digit of 1112?
2
What is the thousands digit of 32359?
2
What is the hundreds digit of 269?
2
What is the units digit of 2105?
5
What is the hundreds digit of 255?
2
What is the thousands digit of 43245?
3
What is the hundreds digit of 1506?
5
What is the units digit of 2863?
3
What is the units digit of 1367?
7
What is the ten thousands digit of 37637?
3
What is the tens digit of 912?
1
What is the tens digit of 29673?
7
What is the hundreds digit of 5901?
9
What is the tens digit of 3210?
1
What is the thousands digit of 143630?
3
What is the tens digit of 6814?
1
What is the hundreds digit of 11487?
4
What is the hundreds digit of 3736?
7
What is the tens digit of 25189?
8
What is the thousands digit of 24988?
4
What is the units digit of 3487?
7
What is the hundreds digit of 48579?
5
What is the thousands digit of 2910?
2
What is the tens digit of 237?
3
What is the units digit of 62?
2
What is the hundreds digit of 23863?
8
What is the thousands digit of 3247?
3
What is the tens digit of 15398?
9
What is the units digit of 1289?
9
What is the hundreds digit of 731?
7
What is the thousands digit of 1997?
1
What is the tens digit of 16968?
6
What is the units digit of 1544?
4
What is the units digit of 530?
0
What is the units digit of 94504?
4
What is the tens digit of 64625?
2
What is the tens digit of 168144?
4
What is the units digit of 2521?
1
What is the units digit of 482?
2
What is the tens digit of 989?
8
What is the thousands digit of 9666?
9
What is the units digit of 4564?
4
What is the units digit of 14953?
3
What is the units digit of 10689?
9
What is the thousands digit of 15355?
5
What is the hundreds digit of 24500?
5
What is the tens digit of 23176?
7
What is the units digit of 391?
1
What is the tens digit of 1043?
4
What is the units digit of 462?
2
What is the hundreds digit of 2341?
3
What is the units digit of 811?
1
What is the units digit of 580?
0
What is the tens digit of 2440?
4
What is the tens digit of 67286?
8
What is the hundreds digit of 1950?
9
What is the ten thousands digit of 12721?
1
What is the hundreds digit of 1388?
3
What is the units digit of 799?
9
What is the tens digit of 6671?
7
What is the thousands digit of 3822?
3
What is the hundreds digit of 428?
4
What is the hundreds digit of 141280?
2
What is the hundreds digit of 18016?
0
What is the ten thousands digit of 18386?
1
What is the tens digit of 19656?
5
What is the thousands digit of 7034?
7
What is the thousands digit of 14799?
4
What is the units digit of 7232?
2
What is the units digit of 7091?
1
What is the tens digit of 3091?
9
What is the thousands digit of 32034?
2
What is the tens digit of 3824?
2
What is the tens digit of 10654?
5
What is the ten thousands digit of 47066?
4
What is the hundreds digit of 4385?
3
What is the tens digit of 67826?
2
What is the thousands digit of 1963?
1
What is the hundreds digit of 631?
6
What is the tens digit of 13314?
1
What is the units digit of 1062?
2
What is the ten thousands digit of 13083?
1
What is the hundreds digit of 8672?
6
What is the hundreds digit of 2534?
5
What is the units digit of 2990?
0
What is the units digit of 1075?
5
What is the units digit of 23348?
8
What is the hundreds digit of 20904?
9
What is the units digit of 21428?
8
What is the thousands digit of 5975?
5
What is the hundreds digit of 13314?
3
What is the tens digit of 1501?
0
What is the hundreds digit of 1172?
1
What is the hundreds digit of 1315?
3
What is the units digit of 22532?
2
What is the tens digit of 1327?
2
What is the hundreds digit of 22410?
4
What is the thousands digit of 9312?
9
What is the hundreds digit of 667?
6
What is the thousands digit of 12984?
2
What is the units digit of 235?
5
What is the hundreds digit of 35631?
6
What is the units digit of 2091?
1
What is the tens digit of 119?
1
What is the units digit of 6510?
0
What is the hundreds digit of 75832?
8
What is the tens digit of 93304?
0
What is the hundreds digit of 3094?
0
What is the ten thousands digit of 26085?
2
What is the tens digit of 809?
0
What is the hundreds digit of 754?
7
What is the hundreds digit of 778?
7
What is the hundreds digit of 140522?
5
What is the hundreds digit of 5232?
2
What is the hundreds digit of 1766?
7
What is the hundreds digit of 5880?
8
What is the units digit of 800?
0
What is the units digit of 9644?
4
What is the hundreds digit of 2345?
3
What is the units digit of 663?
3
What is the tens digit of 278?
7
What is the thousands digit of 1496?
1
What is the hundreds digit of 741?
7
What is the hundreds digit of 50257?
2
What is the thousands digit of 3817?
3
What is the hundred thousands digit of 137737?
1
What is the tens digit of 85786?
8
What is the hundreds digit of 2668?
6
What is the hundreds digit of 202956?
9
What is the units digit of 16768?
8
What is the hundreds digit of 1234?
2
What is the units digit of 812?
2
What is the hundreds digit of 146488?
4
What is the units digit of 1731?
1
What is the ten thousands digit of 19869?
1
What is the thousands digit of 1038?
1
What is the units digit of 2808?
8
What is the tens digit of 71?
7
What is the thousands digit of 2105?
2
What is the thousands digit of 12219?
2
What is the hundreds digit of 617?
6
What is the thousands digit of 2077?
2
What is the units digit of 25224?
4
What is the ten thousands digit of 10642?
1
What is the tens digit of 219?
1
What is the ten thousands digit of 19110?
1
What is the ten thousands digit of 31565?
3
What is the tens digit of 1830?
3
What is the hundreds digit of 1133?
1
What is the thousands digit of 52273?
2
What is the thousands digit of 5204?
5
What is the hundreds digit of 2490?
4
What is the ten thousands digit of 68739?
6
What is the tens digit of 259?
5
What is the hundreds digit of 11071?
0
What is the hundreds digit of 3962?
9
What is the hundreds digit of 7622?
6
What is the hundreds digit of 97130?
1
What is the units digit of 21767?
7
What is the tens digit of 45973?
7
What is the units digit of 4038?
8
What is the units digit of 16112?
2
What is the tens digit of 895?
9
What is the hundreds digit of 92153?
1
What is the units digit of 2617?
7
What is the tens digit of 30519?
1
What is the thousands digit of 1221?
1
What is the units digit of 821?
1
What is the units digit of 3997?
7
What is the thousands digit of 4639?
4
What is the thousands digit of 1894?
1
What is the thousands digit of 1005?
1
What is the units digit of 21197?
7
What is the units digit of 24760?
0
What is the units d